{"version":"1.0","provider_name":"Mandomedio.com","provider_url":"https:\/\/mandomedio.com\/peru","author_name":"comunicaciones@mandomedio.com","author_url":"https:\/\/mandomedio.com\/peru\/blog\/author\/comunicacionesmandomedio-com\/","title":"Asesor\u00eda en empleabilidad: Potencia tu carrera profesional\u00a0 - Mandomedio.com","type":"rich","width":600,"height":338,"html":"<blockquote class=\"wp-embedded-content\" data-secret=\"GeBkXsqJzH\"><a href=\"https:\/\/mandomedio.com\/peru\/blog\/asesoria-en-empleabilidad-potencia-tu-carrera-profesional\/\">Asesor\u00eda en empleabilidad: Potencia tu carrera profesional\u00a0<\/a><\/blockquote><iframe sandbox=\"allow-scripts\" security=\"restricted\" src=\"https:\/\/mandomedio.com\/peru\/blog\/asesoria-en-empleabilidad-potencia-tu-carrera-profesional\/embed\/#?secret=GeBkXsqJzH\" width=\"600\" height=\"338\" title=\"&#8220;Asesor\u00eda en empleabilidad: Potencia tu carrera profesional\u00a0&#8221; &#8212; Mandomedio.com\" data-secret=\"GeBkXsqJzH\" frameborder=\"0\" marginwidth=\"0\" marginheight=\"0\" scrolling=\"no\" class=\"wp-embedded-content\"><\/iframe><script>\n\/*! This file is auto-generated *\/\n!function(d,l){\"use strict\";l.querySelector&&d.addEventListener&&\"undefined\"!=typeof URL&&(d.wp=d.wp||{},d.wp.receiveEmbedMessage||(d.wp.receiveEmbedMessage=function(e){var t=e.data;if((t||t.secret||t.message||t.value)&&!\/[^a-zA-Z0-9]\/.test(t.secret)){for(var s,r,n,a=l.querySelectorAll('iframe[data-secret=\"'+t.secret+'\"]'),o=l.querySelectorAll('blockquote[data-secret=\"'+t.secret+'\"]'),c=new RegExp(\"^https?:$\",\"i\"),i=0;i<o.length;i++)o[i].style.display=\"none\";for(i=0;i<a.length;i++)s=a[i],e.source===s.contentWindow&&(s.removeAttribute(\"style\"),\"height\"===t.message?(1e3<(r=parseInt(t.value,10))?r=1e3:~~r<200&&(r=200),s.height=r):\"link\"===t.message&&(r=new URL(s.getAttribute(\"src\")),n=new URL(t.value),c.test(n.protocol))&&n.host===r.host&&l.activeElement===s&&(d.top.location.href=t.value))}},d.addEventListener(\"message\",d.wp.receiveEmbedMessage,!1),l.addEventListener(\"DOMContentLoaded\",function(){for(var e,t,s=l.querySelectorAll(\"iframe.wp-embedded-content\"),r=0;r<s.length;r++)(t=(e=s[r]).getAttribute(\"data-secret\"))||(t=Math.random().toString(36).substring(2,12),e.src+=\"#?secret=\"+t,e.setAttribute(\"data-secret\",t)),e.contentWindow.postMessage({message:\"ready\",secret:t},\"*\")},!1)))}(window,document);\n\/\/# sourceURL=https:\/\/mandomedio.com\/peru\/wp-includes\/js\/wp-embed.min.js\n<\/script>\n","thumbnail_url":"https:\/\/mandomedio.com\/peru\/wp-content\/uploads\/2025\/02\/colleagues-giving-high-five-celebrating-good-teamwork-result-top-closeup-view-copy.webp","thumbnail_width":800,"thumbnail_height":533,"description":"Dar el salto en el mundo laboral puede ser la mejor acci\u00f3n para llevar tu carrera profesional a nuevos horizontes. Ya sea que est\u00e9s buscando empleo o quieras cambiarte a un nuevo trabajo, el servicio de asesor\u00eda en empleabilidad ser\u00e1 tu mejor aliado.\u00a0 \u00a0La empleabilidad se define como la capacidad de un individuo para conseguir, [&hellip;]"}

Asesoría en empleabilidad: Potencia tu carrera profesional  - Mandomedio.com

<blockquote class="wp-embedded-content" data-secret="GeBkXsqJzH"><a href="https://mandomedio.com/peru/blog/asesoria-en-empleabilidad-potencia-tu-carrera-profesional/">Asesoría en empleabilidad: Potencia tu carrera profesional </a></blockquote><iframe sandbox="allow-scripts" security="restricted" src="https://mandomedio.com/peru/blog/asesoria-en-empleabilidad-potencia-tu-carrera-profesional/embed/#?secret=GeBkXsqJzH" width="600" height="338" title="&#8220;Asesoría en empleabilidad: Potencia tu carrera profesional &#8221; &#8212; Mandomedio.com" data-secret="GeBkXsqJzH" frameborder="0" marginwidth="0" marginheight="0" scrolling="no" class="wp-embedded-content"></iframe><script>
/*! This file is auto-generated */
!function(d,l){"use strict";l.querySelector&&d.addEventListener&&"undefined"!=typeof URL&&(d.wp=d.wp||{},d.wp.receiveEmbedMessage||(d.wp.receiveEmbedMessage=function(e){var t=e.data;if((t||t.secret||t.message||t.value)&&!/[^a-zA-Z0-9]/.test(t.secret)){for(var s,r,n,a=l.querySelectorAll('iframe[data-secret="'+t.secret+'"]'),o=l.querySelectorAll('blockquote[data-secret="'+t.secret+'"]'),c=new RegExp("^https?:$","i"),i=0;i<o.length;i++)o[i].style.display="none";for(i=0;i<a.length;i++)s=a[i],e.source===s.contentWindow&&(s.removeAttribute("style"),"height"===t.message?(1e3<(r=parseInt(t.value,10))?r=1e3:~~r<200&&(r=200),s.height=r):"link"===t.message&&(r=new URL(s.getAttribute("src")),n=new URL(t.value),c.test(n.protocol))&&n.host===r.host&&l.activeElement===s&&(d.top.location.href=t.value))}},d.addEventListener("message",d.wp.receiveEmbedMessage,!1),l.addEventListener("DOMContentLoaded",function(){for(var e,t,s=l.querySelectorAll("iframe.wp-embedded-content"),r=0;r<s.length;r++)(t=(e=s[r]).getAttribute("data-secret"))||(t=Math.random().toString(36).substring(2,12),e.src+="#?secret="+t,e.setAttribute("data-secret",t)),e.contentWindow.postMessage({message:"ready",secret:t},"*")},!1)))}(window,document);
//# sourceURL=https://mandomedio.com/peru/wp-includes/js/wp-embed.min.js
</script>

Dar el salto en el mundo laboral puede ser la mejor acción para llevar tu carrera profesional a nuevos horizontes. Ya sea que estés buscando empleo o quieras cambiarte a un nuevo trabajo, el servicio de asesoría en empleabilidad será tu mejor aliado.   La empleabilidad se define como la capacidad de un individuo para conseguir, [&hellip;]
